{"id":1710,"date":"2022-08-04T10:24:43","date_gmt":"2022-08-04T10:24:43","guid":{"rendered":"https:\/\/www.lacalacalpep.cat\/restaurant-la-cala-cal-pep\/"},"modified":"2025-10-13T10:09:53","modified_gmt":"2025-10-13T10:09:53","slug":"restaurant-la-cala-cal-pep","status":"publish","type":"page","link":"https:\/\/www.lacalacalpep.cat\/fr\/","title":{"rendered":"Restaurant La Cala Cal Pep"},"content":{"rendered":"\n<div style=\"height:35px\" aria-hidden=\"true\" class=\"wp-block-spacer\"><\/div>\n\n\n\n<h2 class=\"wp-block-heading has-text-align-center\">Mmmusclos, Anxoves de l&rsquo;Escala&#8230;<br \/><\/h2>\n\n\n\n<p><\/p>\n\n\n\n<p><\/p>\n\n\n\n<p><\/p>\n\n\n<div class=\"gb-container gb-container-cd418881\"><div class=\"gb-inside-container\">\n<div class=\"gb-grid-wrapper gb-grid-wrapper-99f33366\">\n<div class=\"gb-grid-column gb-grid-column-ffe6fd60\"><div class=\"gb-container gb-container-ffe6fd60\"><div class=\"gb-inside-container\">\n\n<h2 class=\"gb-headline gb-headline-b0071fad gb-headline-text\">VIENS VIVRE #momentscalpep<\/h2>\n\n\n\n<p>Au restaurant La Cala Cal Pep, nous ne r\u00e9servons que pour le premier quart de travail, puis nous pla\u00e7ons les tables au fur et \u00e0 mesure qu&rsquo;elles se vident, par ordre d&rsquo;arriv\u00e9e et par type de table.<\/p>\n\n\n\n<p class=\"gb-headline gb-headline-c58757ae gb-headline-text\">Profitez de notre terrasse en bord de mer, venez \u00e0 Cala Montg\u00f3 et d\u00e9gustez nos sp\u00e9cialit\u00e9s.<\/p>\n\n\n\n<p class=\"gb-headline gb-headline-d260814d gb-headline-text\">Appelez-nous : <a href=\"tel:%20621%2023%2017%2020\"><strong>(+34)-&nbsp;<\/strong><\/a><strong><a href=\"https:\/\/www.google.com\/search?q=la+cal+cal+pep&amp;oq=la+cal+cal+pep&amp;aqs=chrome..69i57j69i60l3.2661j0j7&amp;sourceid=chrome&amp;ie=UTF-8#\">621 23 17 20<\/a><\/strong><\/p>\n\n\n\n<p class=\"gb-headline gb-headline-4b853085 gb-headline-text\"><strong>On se revoit le printemps de 2026!<\/strong><\/p>\n\n\n\n<p class=\"gb-headline gb-headline-d5626166 gb-headline-text\"><strong>Merci de cette saison 2025.<\/strong><\/p>\n\n\n\n<p><\/p>\n\n\n\n<p><\/p>\n\n\n\n<p><br \/><\/p>\n\n\n<div class=\"gb-button-wrapper gb-button-wrapper-205a736f\">\n\n<a class=\"gb-button gb-button-70593923 gb-button-text\" href=\"https:\/\/www.lacalacalpep.cat\/fr\/carte\/\" target=\"_blank\" rel=\"noopener noreferrer\">NOTRE CARTE<\/a>\n\n\n\n<a class=\"gb-button gb-button-2c50bb08 gb-button-text\" href=\"https:\/\/www.lacalacalpep.cat\/fr\/contactez\/\" target=\"_blank\" rel=\"noopener noreferrer\">CONTACTER<\/a>\n\n<\/div>\n<\/div><\/div><\/div>\n\n<div class=\"gb-grid-column gb-grid-column-8f7c6ce2\"><div class=\"gb-container gb-container-8f7c6ce2\"><div class=\"gb-inside-container\">\n\n<iframe src=\"https:\/\/www.google.com\/maps\/embed?pb=!1m14!1m8!1m3!1d11839.823634994553!2d3.1682716!3d42.1084151!3m2!1i1024!2i768!4f13.1!3m3!1m2!1s0x0%3A0x35753198f0bc579c!2sLa%20Cala%20-%20Cal%20Pep!5e0!3m2!1ses!2ses!4v1646844105719!5m2!1ses!2ses\" width=\"450\" height=\"300\" style=\"border:0;\" allowfullscreen=\"\" loading=\"lazy\"><\/iframe>\n\n\n\n<p>DRESS CODE<\/p>\n\n\n\n<p>Essayez de porter des v\u00eatements secs (surtout si vous venez de la plage), un t-shirt et un short, des chaussures confortables et pr\u00e9parez-vous \u00e0 savourer un bon repas. Apr\u00e8s vous, quelqu&rsquo;un d&rsquo;autre prendra votre place, et nous voudrions la retrouver en bon \u00e9tat, tout comme vous esp\u00e9rez la trouver. Merci d&rsquo;avance!<\/p>\n\n<\/div><\/div><\/div>\n<\/div>\n\n\n<div style=\"height:35px\" aria-hidden=\"true\" class=\"wp-block-spacer\"><\/div>\n\n\n<div style=\"min-height: 535px;; \" class=\"ub_image_slider swiper-container wp-block-ub-image-slider\" id=\"ub_image_slider_8a5155df-8ade-4c36-a88a-0164eba49273\" data-swiper-data='{\"speed\":300,\"spaceBetween\":20,\"slidesPerView\":1,\"loop\":false,\"pagination\":{\"el\": null , \"type\": \"bullets\", \"clickable\":true},\"navigation\": {\"nextEl\": \".swiper-button-next\", \"prevEl\": \".swiper-button-prev\"}, \"keyboard\": { \"enabled\": true }, \"effect\": \"slide\",\"simulateTouch\":false}'>\n            <div class=\"swiper-wrapper\"><figure class=\"swiper-slide\">\n                <img data-recalc-dims=\"1\" decoding=\"async\" src=\"https:\/\/i0.wp.com\/www.lacalacalpep.cat\/wp-content\/uploads\/2024\/05\/VIEIRA.webp?w=1200&#038;ssl=1\" alt=\"\" style=\"height: 500px;; \">\n                <figcaption class=\"ub_image_slider_image_caption\">Vieira<\/figcaption>\n            <\/figure><figure class=\"swiper-slide\">\n                <img data-recalc-dims=\"1\" decoding=\"async\" src=\"https:\/\/i0.wp.com\/www.lacalacalpep.cat\/wp-content\/uploads\/2024\/05\/BACALLA-FRESC.webp?w=1200&#038;ssl=1\" alt=\"\" style=\"height: 500px;; \">\n                <figcaption class=\"ub_image_slider_image_caption\">Bacall\u00e0 fresc<\/figcaption>\n            <\/figure><figure class=\"swiper-slide\">\n                <img data-recalc-dims=\"1\" decoding=\"async\" src=\"https:\/\/i0.wp.com\/www.lacalacalpep.cat\/wp-content\/uploads\/2024\/05\/SONSOS.webp?w=1200&#038;ssl=1\" alt=\"\" style=\"height: 500px;; \">\n                <figcaption class=\"ub_image_slider_image_caption\">Sonsos<\/figcaption>\n            <\/figure><figure class=\"swiper-slide\">\n                <img data-recalc-dims=\"1\" decoding=\"async\" src=\"https:\/\/i0.wp.com\/www.lacalacalpep.cat\/wp-content\/uploads\/2024\/05\/Musclos.webp?w=1200&#038;ssl=1\" alt=\"\" style=\"height: 500px;; \">\n                <figcaption class=\"ub_image_slider_image_caption\">Musclos<\/figcaption>\n            <\/figure><figure class=\"swiper-slide\">\n                <img data-recalc-dims=\"1\" decoding=\"async\" src=\"https:\/\/i0.wp.com\/www.lacalacalpep.cat\/wp-content\/uploads\/2024\/05\/SARDINES-DEL-CURRU.webp?w=1200&#038;ssl=1\" alt=\"\" style=\"height: 500px;; \">\n                <figcaption class=\"ub_image_slider_image_caption\">Sardines del Curru<\/figcaption>\n            <\/figure><figure class=\"swiper-slide\">\n                <img data-recalc-dims=\"1\" decoding=\"async\" src=\"https:\/\/i0.wp.com\/www.lacalacalpep.cat\/wp-content\/uploads\/2024\/05\/FIDEUADA.webp?w=1200&#038;ssl=1\" alt=\"\" style=\"height: 500px;; \">\n                <figcaption class=\"ub_image_slider_image_caption\">Fideuada<\/figcaption>\n            <\/figure><figure class=\"swiper-slide\">\n                <img data-recalc-dims=\"1\" decoding=\"async\" src=\"https:\/\/i0.wp.com\/www.lacalacalpep.cat\/wp-content\/uploads\/2022\/08\/PXL_20210330_141154306.jpg?w=1200&#038;ssl=1\" alt=\"\" style=\"height: 500px;; \">\n                <figcaption class=\"ub_image_slider_image_caption\"><\/figcaption>\n            <\/figure><figure class=\"swiper-slide\">\n                <img data-recalc-dims=\"1\" decoding=\"async\" src=\"https:\/\/i0.wp.com\/www.lacalacalpep.cat\/wp-content\/uploads\/2022\/08\/PXL_20220422_113811051.jpg?w=1200&#038;ssl=1\" alt=\"\" style=\"height: 500px;; \">\n                <figcaption class=\"ub_image_slider_image_caption\"><\/figcaption>\n            <\/figure><figure class=\"swiper-slide\">\n                <img data-recalc-dims=\"1\" decoding=\"async\" src=\"https:\/\/i0.wp.com\/www.lacalacalpep.cat\/wp-content\/uploads\/2024\/05\/VISTES-A-CALA-MONTGO-.webp?w=1200&#038;ssl=1\" alt=\"\" style=\"height: 500px;; \">\n                <figcaption class=\"ub_image_slider_image_caption\"><\/figcaption>\n            <\/figure><\/div>\n            <div class=\"swiper-pagination\"><\/div>\n            <div class=\"swiper-button-prev\"><\/div> <div class=\"swiper-button-next\"><\/div>\n        <\/div>\n<\/div><\/div>\n\n\n<p><\/p>\n\n\n<div class=\"gb-container gb-container-8198298a\"><div class=\"gb-inside-container\">\n\n<h2 class=\"gb-headline gb-headline-5f1b4fe6 gb-headline-text\">\u00c0 PROPOS DE CALA MONTG\u00d3<\/h2>\n\n\n\n<p class=\"has-contrast-color has-text-color\" style=\"font-size:18px;font-style:normal;font-weight:700\">Depuis des temps imm\u00e9moriaux, les p\u00eacheurs de l&rsquo;Escala affluent dans les criques de la Costa Brava pendant l&rsquo;\u00e9t\u00e9 pour p\u00eacher et vendre du poisson sur les march\u00e9s les plus proches. Cala Montg\u00f3 \u00e9tait l&rsquo;un des campings habituels&#8230;<\/p>\n\n\n\n<p class=\"has-text-align-center has-contrast-color has-text-color\" style=\"font-size:16px;font-style:normal;font-weight:700\">LA CALA CAL PEP<\/p>\n\n\n\n<p class=\"has-contrast-color has-text-color\" style=\"font-style:normal;font-weight:700\">La Cala \u201cCal Pep\u201d est un bar, restaurant et pizzeria de cuisine m\u00e9diterran\u00e9ene Sp\u00e9cialis\u00e9 dans la paella, la fideuada, les anchois de l&rsquo;Escala, les moules \u00e0 la Cal Pep et les sardines &lsquo;Curru&rsquo;. Le tout accompagn\u00e9 d&rsquo;une large s\u00e9lection de vins DO Empord\u00e0. Dans un emplacement privil\u00e9gi\u00e9, au milieu de Cala Montg\u00f3, dans le parc naturel du Montgr\u00ed, les \u00eeles Medes et le Baix Ter et l&rsquo;un des endroits les plus caract\u00e9ristiques de la Costa Brava.<\/p>\n\n<\/div><\/div>\n\n\n<p><\/p>\n","protected":false},"excerpt":{"rendered":"<p>Mmmusclos, Anxoves de l&rsquo;Escala&#8230; \u00c0 PROPOS DE CALA MONTG\u00d3 Depuis des temps imm\u00e9moriaux, les p\u00eacheurs de l&rsquo;Escala affluent dans les criques de la Costa Brava pendant l&rsquo;\u00e9t\u00e9 pour p\u00eacher et vendre du poisson sur les march\u00e9s les plus proches. Cala Montg\u00f3 \u00e9tait l&rsquo;un des campings habituels&#8230; LA CALA CAL PEP La Cala \u201cCal Pep\u201d est &#8230; <a title=\"Restaurant La Cala Cal Pep\" class=\"read-more\" href=\"https:\/\/www.lacalacalpep.cat\/fr\/\" aria-label=\"En savoir plus sur Restaurant La Cala Cal Pep\">Lire plus<\/a><\/p>\n","protected":false},"author":1,"featured_media":0,"parent":0,"menu_order":0,"comment_status":"closed","ping_status":"closed","template":"","meta":{"_uag_custom_page_level_css":"","_themeisle_gutenberg_block_has_review":false,"footnotes":""},"class_list":["post-1710","page","type-page","status-publish"],"featured_image_src":null,"uagb_featured_image_src":{"full":false,"thumbnail":false,"medium":false,"medium_large":false,"large":false,"1536x1536":false,"2048x2048":false},"uagb_author_info":{"display_name":"lacalacalpep","author_link":"https:\/\/www.lacalacalpep.cat\/fr\/author\/lacalacalpep\/"},"uagb_comment_info":0,"uagb_excerpt":"Mmmusclos, Anxoves de l&rsquo;Escala&#8230; \u00c0 PROPOS DE CALA MONTG\u00d3 Depuis des temps imm\u00e9moriaux, les p\u00eacheurs de l&rsquo;Escala affluent dans les criques de la Costa Brava pendant l&rsquo;\u00e9t\u00e9 pour p\u00eacher et vendre du poisson sur les march\u00e9s les plus proches. Cala Montg\u00f3 \u00e9tait l&rsquo;un des campings habituels&#8230; LA CALA CAL PEP La Cala \u201cCal Pep\u201d est\u2026","jetpack_sharing_enabled":true,"_links":{"self":[{"href":"https:\/\/www.lacalacalpep.cat\/fr\/wp-json\/wp\/v2\/pages\/1710","targetHints":{"allow":["GET"]}}],"collection":[{"href":"https:\/\/www.lacalacalpep.cat\/fr\/wp-json\/wp\/v2\/pages"}],"about":[{"href":"https:\/\/www.lacalacalpep.cat\/fr\/wp-json\/wp\/v2\/types\/page"}],"author":[{"embeddable":true,"href":"https:\/\/www.lacalacalpep.cat\/fr\/wp-json\/wp\/v2\/users\/1"}],"replies":[{"embeddable":true,"href":"https:\/\/www.lacalacalpep.cat\/fr\/wp-json\/wp\/v2\/comments?post=1710"}],"version-history":[{"count":28,"href":"https:\/\/www.lacalacalpep.cat\/fr\/wp-json\/wp\/v2\/pages\/1710\/revisions"}],"predecessor-version":[{"id":2114,"href":"https:\/\/www.lacalacalpep.cat\/fr\/wp-json\/wp\/v2\/pages\/1710\/revisions\/2114"}],"wp:attachment":[{"href":"https:\/\/www.lacalacalpep.cat\/fr\/wp-json\/wp\/v2\/media?parent=1710"}],"curies":[{"name":"wp","href":"https:\/\/api.w.org\/{rel}","templated":true}]}}

<div style="height:35px" aria-hidden="true" class="wp-block-spacer"></div>



<h2 class="wp-block-heading has-text-align-center">Mmmusclos, Anxoves de l&rsquo;Escala&#8230;<br /></h2>



<p></p>



<p></p>



<p></p>


<div class="gb-container gb-container-cd418881"><div class="gb-inside-container">
<div class="gb-grid-wrapper gb-grid-wrapper-99f33366">
<div class="gb-grid-column gb-grid-column-ffe6fd60"><div class="gb-container gb-container-ffe6fd60"><div class="gb-inside-container">

<h2 class="gb-headline gb-headline-b0071fad gb-headline-text">VIENS VIVRE #momentscalpep</h2>



<p>Au restaurant La Cala Cal Pep, nous ne réservons que pour le premier quart de travail, puis nous plaçons les tables au fur et à mesure qu&rsquo;elles se vident, par ordre d&rsquo;arrivée et par type de table.</p>



<p class="gb-headline gb-headline-c58757ae gb-headline-text">Profitez de notre terrasse en bord de mer, venez à Cala Montgó et dégustez nos spécialités.</p>



<p class="gb-headline gb-headline-d260814d gb-headline-text">Appelez-nous : <a href="tel:%20621%2023%2017%2020"><strong>(+34)-&nbsp;</strong></a><strong><a href="https://www.google.com/search?q=la+cal+cal+pep&amp;oq=la+cal+cal+pep&amp;aqs=chrome..69i57j69i60l3.2661j0j7&amp;sourceid=chrome&amp;ie=UTF-8#">621 23 17 20</a></strong></p>



<p class="gb-headline gb-headline-4b853085 gb-headline-text"><strong>On se revoit le printemps de 2026!</strong></p>



<p class="gb-headline gb-headline-d5626166 gb-headline-text"><strong>Merci de cette saison 2025.</strong></p>



<p></p>



<p></p>



<p><br /></p>


<div class="gb-button-wrapper gb-button-wrapper-205a736f">

<a class="gb-button gb-button-70593923 gb-button-text" href="https://www.lacalacalpep.cat/fr/carte/" target="_blank" rel="noopener noreferrer">NOTRE CARTE</a>



<a class="gb-button gb-button-2c50bb08 gb-button-text" href="https://www.lacalacalpep.cat/fr/contactez/" target="_blank" rel="noopener noreferrer">CONTACTER</a>

</div>
</div></div></div>

<div class="gb-grid-column gb-grid-column-8f7c6ce2"><div class="gb-container gb-container-8f7c6ce2"><div class="gb-inside-container">

<iframe src="https://www.google.com/maps/embed?pb=!1m14!1m8!1m3!1d11839.823634994553!2d3.1682716!3d42.1084151!3m2!1i1024!2i768!4f13.1!3m3!1m2!1s0x0%3A0x35753198f0bc579c!2sLa%20Cala%20-%20Cal%20Pep!5e0!3m2!1ses!2ses!4v1646844105719!5m2!1ses!2ses" width="450" height="300" style="border:0;" allowfullscreen="" loading="lazy"></iframe>



<p>DRESS CODE</p>



<p>Essayez de porter des vêtements secs (surtout si vous venez de la plage), un t-shirt et un short, des chaussures confortables et préparez-vous à savourer un bon repas. Après vous, quelqu&rsquo;un d&rsquo;autre prendra votre place, et nous voudrions la retrouver en bon état, tout comme vous espérez la trouver. Merci d&rsquo;avance!</p>

</div></div></div>
</div>


<div style="height:35px" aria-hidden="true" class="wp-block-spacer"></div>


<div style="min-height: 535px;; " class="ub_image_slider swiper-container wp-block-ub-image-slider" id="ub_image_slider_8a5155df-8ade-4c36-a88a-0164eba49273" data-swiper-data='{"speed":300,"spaceBetween":20,"slidesPerView":1,"loop":false,"pagination":{"el": null , "type": "bullets", "clickable":true},"navigation": {"nextEl": ".swiper-button-next", "prevEl": ".swiper-button-prev"}, "keyboard": { "enabled": true }, "effect": "slide","simulateTouch":false}'>
            <div class="swiper-wrapper"><figure class="swiper-slide">
                <img data-recalc-dims="1" decoding="async" src="https://i0.wp.com/www.lacalacalpep.cat/wp-content/uploads/2024/05/VIEIRA.webp?w=1200&#038;ssl=1" alt="" style="height: 500px;; ">
                <figcaption class="ub_image_slider_image_caption">Vieira</figcaption>
            </figure><figure class="swiper-slide">
                <img data-recalc-dims="1" decoding="async" src="https://i0.wp.com/www.lacalacalpep.cat/wp-content/uploads/2024/05/BACALLA-FRESC.webp?w=1200&#038;ssl=1" alt="" style="height: 500px;; ">
                <figcaption class="ub_image_slider_image_caption">Bacallà fresc</figcaption>
            </figure><figure class="swiper-slide">
                <img data-recalc-dims="1" decoding="async" src="https://i0.wp.com/www.lacalacalpep.cat/wp-content/uploads/2024/05/SONSOS.webp?w=1200&#038;ssl=1" alt="" style="height: 500px;; ">
                <figcaption class="ub_image_slider_image_caption">Sonsos</figcaption>
            </figure><figure class="swiper-slide">
                <img data-recalc-dims="1" decoding="async" src="https://i0.wp.com/www.lacalacalpep.cat/wp-content/uploads/2024/05/Musclos.webp?w=1200&#038;ssl=1" alt="" style="height: 500px;; ">
                <figcaption class="ub_image_slider_image_caption">Musclos</figcaption>
            </figure><figure class="swiper-slide">
                <img data-recalc-dims="1" decoding="async" src="https://i0.wp.com/www.lacalacalpep.cat/wp-content/uploads/2024/05/SARDINES-DEL-CURRU.webp?w=1200&#038;ssl=1" alt="" style="height: 500px;; ">
                <figcaption class="ub_image_slider_image_caption">Sardines del Curru</figcaption>
            </figure><figure class="swiper-slide">
                <img data-recalc-dims="1" decoding="async" src="https://i0.wp.com/www.lacalacalpep.cat/wp-content/uploads/2024/05/FIDEUADA.webp?w=1200&#038;ssl=1" alt="" style="height: 500px;; ">
                <figcaption class="ub_image_slider_image_caption">Fideuada</figcaption>
            </figure><figure class="swiper-slide">
                <img data-recalc-dims="1" decoding="async" src="https://i0.wp.com/www.lacalacalpep.cat/wp-content/uploads/2022/08/PXL_20210330_141154306.jpg?w=1200&#038;ssl=1" alt="" style="height: 500px;; ">
                <figcaption class="ub_image_slider_image_caption"></figcaption>
            </figure><figure class="swiper-slide">
                <img data-recalc-dims="1" decoding="async" src="https://i0.wp.com/www.lacalacalpep.cat/wp-content/uploads/2022/08/PXL_20220422_113811051.jpg?w=1200&#038;ssl=1" alt="" style="height: 500px;; ">
                <figcaption class="ub_image_slider_image_caption"></figcaption>
            </figure><figure class="swiper-slide">
                <img data-recalc-dims="1" decoding="async" src="https://i0.wp.com/www.lacalacalpep.cat/wp-content/uploads/2024/05/VISTES-A-CALA-MONTGO-.webp?w=1200&#038;ssl=1" alt="" style="height: 500px;; ">
                <figcaption class="ub_image_slider_image_caption"></figcaption>
            </figure></div>
            <div class="swiper-pagination"></div>
            <div class="swiper-button-prev"></div> <div class="swiper-button-next"></div>
        </div>
</div></div>


<p></p>


<div class="gb-container gb-container-8198298a"><div class="gb-inside-container">

<h2 class="gb-headline gb-headline-5f1b4fe6 gb-headline-text">À PROPOS DE CALA MONTGÓ</h2>



<p class="has-contrast-color has-text-color" style="font-size:18px;font-style:normal;font-weight:700">Depuis des temps immémoriaux, les pêcheurs de l&rsquo;Escala affluent dans les criques de la Costa Brava pendant l&rsquo;été pour pêcher et vendre du poisson sur les marchés les plus proches. Cala Montgó était l&rsquo;un des campings habituels&#8230;</p>



<p class="has-text-align-center has-contrast-color has-text-color" style="font-size:16px;font-style:normal;font-weight:700">LA CALA CAL PEP</p>



<p class="has-contrast-color has-text-color" style="font-style:normal;font-weight:700">La Cala “Cal Pep” est un bar, restaurant et pizzeria de cuisine méditerranéene Spécialisé dans la paella, la fideuada, les anchois de l&rsquo;Escala, les moules à la Cal Pep et les sardines &lsquo;Curru&rsquo;. Le tout accompagné d&rsquo;une large sélection de vins DO Empordà. Dans un emplacement privilégié, au milieu de Cala Montgó, dans le parc naturel du Montgrí, les îles Medes et le Baix Ter et l&rsquo;un des endroits les plus caractéristiques de la Costa Brava.</p>

</div></div>


<p></p>

<p>Mmmusclos, Anxoves de l&rsquo;Escala&#8230; À PROPOS DE CALA MONTGÓ Depuis des temps immémoriaux, les pêcheurs de l&rsquo;Escala affluent dans les criques de la Costa Brava pendant l&rsquo;été pour pêcher et vendre du poisson sur les marchés les plus proches. Cala Montgó était l&rsquo;un des campings habituels&#8230; LA CALA CAL PEP La Cala “Cal Pep” est &#8230; <a title="Restaurant La Cala Cal Pep" class="read-more" href="https://www.lacalacalpep.cat/fr/" aria-label="En savoir plus sur Restaurant La Cala Cal Pep">Lire plus</a></p>

Mmmusclos, Anxoves de l&rsquo;Escala&#8230; À PROPOS DE CALA MONTGÓ Depuis des temps immémoriaux, les pêcheurs de l&rsquo;Escala affluent dans les criques de la Costa Brava pendant l&rsquo;été pour pêcher et vendre du poisson sur les marchés les plus proches. Cala Montgó était l&rsquo;un des campings habituels&#8230; LA CALA CAL PEP La Cala “Cal Pep” est…
